6 - -150. Suppose 4*i - m = -3*h - 9, 0 = 5*h + 3*i - 73. What is the units digit of h?
7
What is the units digit of (-27 + 3)*(-10)/8?
0
Suppose 0 = -q - 4*q. Suppose 5*z + 5*a + q*a - 5 = 0, -5*a = -2*z + 9. Suppose -d = 2*h + 1, 6*h = -4*d + z*h + 8. What is the units digit of d?
5
Let x(q) = -q - 4*q + 5*q**2 + 4*q. Let h be x(1). Suppose h*v = -12, 0*i + 2*i - 2*v = 18. What is the units digit of i?
6
Let i(n) = n**2 - n - 4. Let z = 2 + 1. What is the units digit of i(z)?
2
What is the units digit of (-239)/(-5) + (-1)/(-5)?
8
Let r(y) = -y**3 - 6*y**2 - 3*y - 4. Let k be r(-6). What is the tens digit of (k/8)/((-4)/(-112))?
4
Suppose v + 0*v - 50 = 0. Suppose v = 2*b - 4*a, 9*b = 4*b - 5*a + 185. What is the units digit of b?
3
Suppose 3*k + 4 = 2*d, -4*d + 2*k - 6 = 2. Let l = -8 - d. What is the units digit of (-21)/((-1)/l*-6)?
4
Suppose -2*o + 8 = -0*o, -3*g - o + 16 = 0. Suppose 3*y - 6 - 3 = 0. Let r = y + g. What is the units digit of r?
7
Let h(k) be the second derivative of k**2 + 0 - 3*k + 1/6*k**3. What is the units digit of h(3)?
5
What is the tens digit of 2/6 + 620/12?
5
Suppose 0*w - 3*w + 15 = 0. Let j be (-1)/5 + 1/w. What is the units digit of 19 + -1*(j - 2)?
1
Let b = -43 + 73. Let h = -21 + b. What is the units digit of h?
9
Let r(v) = 5*v - 8. Let a be r(6). Suppose 5*n = 2*n + 99. Let c = n - a. What is the units digit of c?
1
Let q = 9 + -1. Let b = 13 - q. Suppose 0 = -b*u + 18 + 12. What is the units digit of u?
6
Let d(w) = w**2 - w + 3. Let p(x) = -x**3 + 6*x**2 + 2*x - 9. Let n be p(6). What is the units digit of d(n)?
9
Let t be (-1)/(-3) - (-2)/3. Let z be t/((-2 + 3)*-1). Let a = 3 + z. What is the units digit of a?
2
Let z(j) = j**2 - 21. What is the units digit of z(-8)?
3
Let o(b) = -b + 1. Let c be o(-4). Let m = c - 2. Suppose 3 = m*a, -2*g + a = -5*g + 40. What is the units digit of g?
3
Let f = 108 - 41. Suppose z = -2*z - a + 29, -5*z = -3*a - f. What is the units digit of z?
1
Suppose -5*u + 518 = 4*t, -11 = 5*u - 1. What is the hundreds digit of t?
1
What is the units digit of 3/(105/(-10)) - (-429)/7?
1
What is the tens digit of (4/(-6))/(6/(-612))?
6
What is the tens digit of ((-3)/(-4))/(10/1480)?
1
Let x = 10 - -1. What is the tens digit of x?
1
Let r(i) = 2*i**2 - 16*i - 41. What is the tens digit of r(13)?
8
Suppose -14 = 2*w + 2*r, 0 = -3*w - 0*w + 5*r + 19. What is the units digit of w/(-2) + -3 + 8?
6
Let c = 14 + -7. Let q be (5/(-10) - 1)*(-4)/(-3). What is the tens digit of (3 + c/q)*-22?
1
Let p = -4 + 7. Let l be 3/p - (-1 - -3). What is the units digit of (-1 - (-1 + l))/1?
1
Let b(q) = q**2 - 7*q + 2. What is the tens digit of b(10)?
3
Let w(c) = -c**3 + c**2 - c - 1. Suppose -5 + 3 = y. What is the units digit of w(y)?
3
Let x(g) = 2*g**3 + 16*g**2 + 5*g - 14. What is the units digit of x(-6)?
0
Let y be (-1)/2 + 42/4. What is the tens digit of (-1)/((y/24)/(-5))?
1
Let i = -59 - -85. Suppose -3*g + 0*q = -5*q - 5, 0 = 4*g + 3*q - i. What is the units digit of g?
5
Let z(b) = -30*b. Let i be z(-1). Suppose 0*a = 2*a + i. What is the units digit of 2/(-6) + (-155)/a?
0
Let h = 5 - 5. Suppose 2*g = w - 16, -69 = -h*w - 3*w - g. What is the units digit of w?
2
Let y = -3 - -51. What is the units digit of y/9 - 3/9?
5
Suppose -4*m = 4, 0 = 3*o - 2*m - 4 - 4. Suppose 5*p + 0 = o*i + 7, -4*i = -2*p - 10. Suppose p + 3 = q. What is the units digit of q?
6
Let x(g) = 2*g**2 + 5*g + 2. Let k be x(-3). Suppose -55 - 30 = -k*r. What is the tens digit of r?
1
Let i be (-4)/(-4)*-1 - -10. What is the units digit of 4/((-12)/i) + 34?
1
Suppose -2*o + 984 = 4*n, 3*n - 926 + 188 = -o. What is the hundreds digit of n?
2
Let u be (4 + 3)*(-1)/(-1). Suppose 2*i + 6 = 0, -r + u = -2*r - 3*i. What is the units digit of r?
2
What is the units digit of ((-1)/9)/((-4)/24)*84?
6
Suppose -v = -2*g - 8, -2*v - g = -49 + 13. What is the tens digit of (-4)/4 + 1 + v?
1
Let z = 40 - 26. What is the units digit of z?
4
Let d = -3 + 3. Suppose k = -0*o + 2*o + 1, d = 4*k - 4*o - 12. Suppose -85 = -10*c + k*c. What is the units digit of c?
7
Let v = 10 + 0. Let b = v + -9. What is the units digit of b?
1
Suppose 0 = -14*q + 10*q + 200. What is the units digit of q?
0
Let v = -4 - -14. What is the tens digit of v?
1
Let y(i) = i**2 - 3*i + 3. Let w(q) = 2*q + 1. Let k be w(1). Let s be y(k). Suppose 4*h - 7 = s*h. What is the units digit of h?
7
Suppose -2*y = -2 - 2. Suppose -4*o + 10 = -y. Suppose 5*j - o*j - 10 = 0. What is the units digit of j?
5
Let y(g) = -g**3 - 7*g**2 + 6*g. Let j be y(-5). Let b = 120 + j. What is the units digit of b?
0
Let p = 483 - 318. What is the units digit of p?
5
Let k(a) be the third derivative of -a**5/60 - 11*a**4/24 - a**3/2 + 3*a**2. What is the tens digit of k(-9)?
1
Let l(t) = -t**3 + 6*t**2 - t + 5. Let g be l(5). Let h = g + -17. What is the units digit of h?
8
Suppose -3*w + 3*z + z = -246, -4*z = -2*w + 168. What is the units digit of w?
8
What is the tens digit of (-218)/(-10) + (-15)/(-75)?
2
Let o = 5 + -1. Let r(t) = 29*t + 1. Let n be r(1). Suppose n = -q + o*q. What is the units digit of q?
0
Suppose 24 = -2*c + 4*f, 5*f + 10 + 5 = -5*c. Let a be c*(2 - 16/6). Let w(d) = -d**2 + 6*d + 4. What is the units digit of w(a)?
2
Let f be -6 - (-1 + 1 - 3). Let d(o) = o**2 + o + 1. Let x(j) = 4*j**2 - 2*j - 1. Let s(m) = f*d(m) + x(m). What is the units digit of s(6)?
2
Suppose -f - 2*l = 2*l + 13, -4*l - 22 = -2*f. Suppose -7*p = -3*p + 2*t - 16, f*t + 3 = 3*p. Let n = p - 1. What is the units digit of n?
2
Suppose 3*k - 3 = -0. What is the units digit of k?
1
Suppose 2*z + 35 = 5*p, 4*p - 2*z + z - 25 = 0. Suppose -g + p = 4*g. What is the units digit of g?
1
Let i(m) be the first derivative of -m**2 - 6*m + 2. What is the units digit of i(-7)?
8
Suppose 0 = -4*z + z. Suppose 2*s - 5*s = z. Suppose s = 5*a - 12 - 8. What is the units digit of a?
4
Let o(y) = -9*y**2 - 3 + 0 - y**3 + 10*y**2 + 7. What is the units digit of o(-3)?
0
Let v(r) = -r**2 - 7*r + 10. Let x be v(-8). Suppose 5 - 1 = x*w. Suppose 6 = w*g - 6. What is the units digit of g?
6
Let b = 5 + -7. Let f(n) = 9*n**2 + n. What is the tens digit of f(b)?
3
Let u(n) = n**2 + 7*n + 5. Let i be u(-8). Let o = 20 - i. What is the units digit of o?
7
Suppose -4*g = 4*g - 752. What is the units digit of g?
4
Suppose -4 = 4*h + 3*a - 27, -4*a + 29 = 5*h. Suppose -g = -h - 5. What is the units digit of g?
0
Suppose -3*d + 23 = 2*c, 3*d + 23 = 5*c - d. What is the units digit of c?
7
Let d(k) = 5*k**2 + 2*k - 8. What is the tens digit of d(-4)?
6
Suppose -3*f + 3 = -60. Let k be -11 - ((-2 - -2) + 1). Let w = f + k. What is the units digit of w?
9
Let b be 2/(2/(-2 - 0)). Let j = b - -2. Suppose j = 4*h - 6 - 2. What is the units digit of h?
2
Suppose -q - 213 = -5*q + y, 0 = 3*y + 3. Let m = q + -31. What is the tens digit of m?
2
Let n(g) = 46*g. Let t be n(-2). What is the units digit of t/(-12) + (-1)/(-3)?
8
Let p(n) = -n**3 + 11*n**2 - 14*n + 8. What is the hundreds digit of p(7)?
1
Suppose -3*d = 5*q - 2, 3*q - 9 + 3 = -3*d. What is the units digit of q/10 - (-322)/35?
9
Let p = 30 - 3. Let c = p - 15. What is the tens digit of c?
1
Let h = -2 - -7. Suppose 0*j + t - 1 = 2*j, 0 = 3*j + h*t - 18. What is the units digit of j?
1
Suppose 2*y = -2*m + 6*m - 134, -37 = -m + 4*y. What is the tens digit of m?
3
Suppose 5*p - 170 = 4*g - 27, 0 = 2*p + 4*g - 46. What is the tens digit of p?
2
Let p(v) = v**3 - v**2 + v + 1. Let n(q) = -5*q**3 + q**2 - 9*q - 2. Let b(a) = -n(a) - 6*p(a). What is the units digit of b(3)?
3
Let k be (-14)/((-7)/2 - -3). Suppose -3*q + 5*u = -k, -2*q + 17 + 10 = 5*u. What is the units digit of q?
1
Let j be ((-4)/(-2))/(3/6). Suppose 2*t - 29 = 5*w - 6, -j*t - 3*w = -33. What is the units digit of t?
9
Let r(v) = -2*v + v**2 - 3*v**3 + v**2 + 3*v. Let t be r(-1). Suppose -3*f = 4*j + 2*f - 13, 16 = 4*j + t*f. What is the units digit of j?
7
What is the tens digit of 8/(-1 + (-2)/4 + 2)?
1
Suppose q = z + 31, -3*q - 6*z + 3*z = -105. What is the units digit of q?
3
Let n(l) be the first derivative of l**4/4 + 5*l**3/3 + l**2 + 3*l + 5. What is the tens digit of n(-4)?
1
Let q(m) = -12*m + 1. Let j be q(-2). Suppose -3*r + j = 2*r. What is the units digit of r?
5
Let g(p) = -2*p + 13